be the third derivative of 0 + l**2 + 0*l - 1/720*l**6 + 0*l**3 - 1/8*l**4 - 1/30*l**5. Let i(p) be the second derivative of v(p). Calculate i(-4).
0
Let o be (1/3*5)/((-21)/(-63)). Let k(h) = h**2 - 4*h - 7. What is k(o)?
-2
Let z(s) = 9*s**2 - 7*s - 12. Let o(b) = 4*b**2 - 4*b - 6. Let c(m) = -5*o(m) + 2*z(m). Let u(k) be the first derivative of c(k). Give u(4).
-10
Let y(d) = -7*d**2 - 13*d - 1. Let i(o) = 4*o**2 + 7*o. Let n(s) = 5*i(s) + 3*y(s). Give n(-2).
1
Suppose 0 = -2*t - t + 9. Let g(k) = -k**2 + 2*k + 1. Let d be g(t). Let i(j) = 2*j**3 + 2*j**2 + 4*j + 2. Calculate i(d).
-14
Let n = 2 + 2. Let d(s) = -5*s**3 + s**2 - s + 4 + n*s**3 - 4. Determine d(0).
0
Let k(b) = -b**2 - 6*b - 3. Let o = -4 - -3. Let y be (3/(-6))/(o/(-10)). Let q = y + 2. Determine k(q).
6
Let r be ((-6)/(1 + 1))/(-1). Suppose 2*p - 6 = -p. Let b(m) = -m**2 - m. Let a(w) = 3*w**2 + w + 2. Let x(z) = p*b(z) + a(z). Calculate x(r).
8
Let w = 26 - 25. Let v(q) = -7*q**3 + q**2. Give v(w).
-6
Let g(f) = 5*f + 2*f + 1 - 2*f + f. Calculate g(-3).
-17
Let z(i) = 0*i + 0*i - 1 + 4*i. Let p(k) = 0 + 2 - 3 + k. Let o(w) = -3*p(w) + z(w). Give o(2).
4
Let v(t) = -t - 5. Suppose -k = 4*j - 13, -4*j - 2 = 3*k - 1. Let b be v(k). Let y(h) = h + 2*h + b*h + 0*h. What is y(1)?
5
Let s(f) = f**3 + f**2 - 1. Let x = -11 - -6. Let u(v) = 4*v**3 + 2*v**2 - 2*v - 6. Let k(i) = x*s(i) + u(i). What is k(-3)?
5
Let y(w) be the first derivative of w**3 - w**2 - w - 12. Give y(-1).
4
Let c(q) = -q**2 - 6*q + 10. Let n be c(-7). Let w(h) = h**2 - 3. Give w(n).
6
Let v(r) = 7. Let c(f) = f - 14. Let o(k) = -2*c(k) - 5*v(k). Give o(-5).
3
Let t = -8 - -10. Suppose -5*x = 3*s - 0 - 1, 2*s = -3*x + 1. Let h(c) = -3*c**t - 4 + 8*c - c + s*c**2. Give h(5).
6
Suppose 1 = u + k, u + 3*k = 1 + 2. Let b(i) = -32 + 8 + i + 12. Calculate b(u).
-12
Let g(n) be the second derivative of n**5/20 + n**4/3 - n**3/2 + 5*n**2/2 - 4*n. Give g(-5).
-5
Let z be (-3 + 3 + -1)*-1. Let r(o) = 3*o**2 + 2*o - 1. Give r(z).
4
Let d(p) be the first derivative of p**2/2 + 3*p - 1. Determine d(0).
3
Let b(d) = -d**3 + 7*d**2 + 9*d - 1. Let x(f) = -3*f - 4. Let r be x(-4). Let m be b(r). Let k(w) = -1 + 0 - m*w + 6*w. Determine k(-4).
3
Let r(n) = n**3 + 12*n**2 + 3. Let c(k) = -k**3 - 13*k**2 + k - 3. Let g(a) = -6*c(a) - 7*r(a). Suppose 35 = -31*i - 120. What is g(i)?
2
Let w(d) = -2*d + 5 - d**2 + 2 - 4. Let s(u) = u**3 - 3*u**2 + 2. Let k(i) = i**3 + 2*i**2 - 5*i - 3. Let n be k(-3). Let j be s(n). Calculate w(j).
-5
Suppose -4*a = -2*j - 4 - 10, 5*a - j - 13 = 0. Let r(c) = -c - 5 + 3 + c**a + 1. Give r(4).
11
Suppose 0*f - 25 = 5*f. Let v be (-7)/5 - 2/f. Let d(c) = -11*c - 5. Let x(l) = -45*l - 21. Let s(j) = 21*d(j) - 5*x(j). Calculate s(v).
6
Let b(z) be the third derivative of z**7/5040 - z**6/720 + z**5/30 + 2*z**2. Let l(a) be the third derivative of b(a). Let c be 5/2 - 4/(-8). Give l(c).
2
Suppose 3*j - 3*v - 16 = 2, 4*j + 5*v = 6. Let g(r) = r**3 + 5*r**2 - r + 2. Let k(o) = o**3 + 4*o**2 - o + 2. Let i(b) = j*k(b) - 3*g(b). Give i(2).
12
Let p(j) be the first derivative of 3*j**2/2 + 3*j - 3. Let f be 2/(-3) - 14/(-3). Suppose -3*y = -x + f, 0 = -4*y + 2*y + x - 1. Calculate p(y).
-6
Let b(x) = -8*x**3 - 2*x**2 + 1. Suppose t = 3*r - 8, -5*r + 3*t + 20 = -0*r. Calculate b(r).
-9
Let d(x) = -x + 1. Let l(g) = -g + 2. Let m(u) = -4*d(u) + 2*l(u). Calculate m(-1).
-2
Let m(t) = -t**2 - 5*t + 1. Let h be 1 - -2*3*-1. Let y be m(h). Let j(x) be the second derivative of -3*x**5/10 - x**4/12 + x**2/2 + 2*x. What is j(y)?
-6
Let r = 8 - 8. Let g(b) = 1 + 19*b - 6*b**3 + 5*b**3 - 20*b. Give g(r).
1
Let i(d) = -11*d + 2. Let f(b) = -5*b + 1. Let p(g) = -7*f(g) + 3*i(g). Determine p(4).
7
Let l(w) = 0*w**2 - 4*w**2 - w**3 - 2 - 41*w - 1 + 39*w. Determine l(-4).
5
Let y(h) be the second derivative of -h**5/20 - 5*h**4/12 + 5*h**3/6 - 3*h**2 + 9*h. Calculate y(-6).
0
Let a be (12/9)/((-1)/(-3)). Let o be 2/8 - 17/a. Let v(p) = -3*p**2 + p**3 + 2*p + 8*p**2 + p. What is v(o)?
4
Let m(o) = -o**2 - 3*o + 4. Let w = 19 + -39. Suppose 3*x - 9 = 9. Let z be (w/x + 2)*3. Determine m(z).
0
Let f(c) = c - 1. Let v be f(3). Let a(q) = -4*q + 0*q**v - 4*q**2 - 3 + 3*q**2 - q**3. What is a(-2)?
9
Let n(t) = t - 10. Let m be n(8). Let k(z) = -z. What is k(m)?
2
Let x = 49 - 55. Let m(b) = 2*b - 2. Calculate m(x).
-14
Let j = -71 - -70. Let q(w) = 10*w**2 - w. Give q(j).
11
Let k(p) = p + 9. Let y(b) = -5*b + 21. Let j be y(5). Give k(j).
5
Suppose -j + 4*j + 18 = t, -3*t = 0. Let q(g) = -g**2 - 6*g - 7. Determine q(j).
-7
Let s = 2 - 2. Let j(i) = i**3 - 7*i**2 + 5*i. Let b(v) = v**2 - v. Let h(n) = 6*b(n) + j(n). Give h(s).
0
Let g(v) = -v**2 + 6. Let n be 33/(-9) - (-2)/3. Let j(q) = -q - 3. Let s be j(n). Suppose 3*z + 25 = -s*z - 5*r, 5*z + 3*r = -15. Give g(z).
6
Let b(q) = 2*q**2 - q - 2. Let y be b(-2). Suppose 2*s = 4*s + y. Let t(o) = 6 - o - 6. Give t(s).
4
Let a(v) = -v**2 - 12*v + 1. Let c be a(-11). Let y(b) = c - 12 + 3*b. Determine y(-1).
-3
Let j(h) = -2*h + 3. Suppose 0 = 2*s - 3*s + 6. Suppose -3*n + 8 = -5*o - s, 0 = o - 4*n - 4. Give j(o).
11
Suppose 3*v - 5*y - 1 = 0, -4*y + 10 + 6 = 0. Let b(g) = v*g - 7*g**2 + g**3 - 1 - 5 + g**2. Let k be 48/9 - 3/(4 + 5). What is b(k)?
4
Let l(f) be the third derivative of -1/24*f**4 + 3*f**2 + 0 + 0*f + 1/6*f**3. Let y = -11 - -7. Determine l(y).
5
Let v(m) be the first derivative of 15/2*m**2 + m + 1. Determine v(-1).
-14
Let b(x) be the second derivative of x**4/3 + 2*x**3/3 + x**2 + 16*x. What is b(-2)?
10
Let d(h) be the second derivative of 2*h**3/3 + h**2 + 8*h. Let o be d(-2). Let t(q) = q**2 - 2*q + 0 + 8*q - 2. Calculate t(o).
-2
Let z(k) = k**3 - 4*k**2 - 5*k - 5. Let m(o) be the second derivative of -o**3/6 - 3*o**2/2 - 3*o. Let v be m(-8). Give z(v).
-5
Let o(j) = j**3 - 12*j**2 - 26*j - 29. Let n be o(14). Let c = 3 - 3. Let h(y) = 1 + 0*y - 6*y**2 + c*y. Calculate h(n).
-5
Let k be 6/(-10) - (-6)/(-15). Let h(t) = t - 1. Let n be h(3). Let d(z) = -3*z**2 - z**2 - 1 - z - 8*z**2 + 2*z**n. Calculate d(k).
-10
Let s(v) = -2*v - 2. Let i(n) = 9*n + 1. Let c(a) = -i(a) - 3*s(a). Let d = 2 + -3. Let p be d/2 + 9/2. Determine c(p).
-7
Let v(h) = -16*h - h**2 + 30*h - 8*h + 2*h**2. Give v(-5).
-5
Let s(w) = -w**2 - 14*w + 13. Let b be s(-15). Let y(n) be the third derivative of 2*n**2 - 1/24*n**4 - 1/3*n**3 - 1/30*n**5 + 0*n + 0. Give y(b).
-8
Let m(f) = -f**3 - 7*f**2 - 5*f + 3. Let y(s) = 5*s - 31. Let k be y(5). Give m(k).
-3
Let q(i) = -i**2 + 5*i - 2. Let n be q(4). Suppose 3*y + 2 + 12 = 2*c, 0 = 2*c - 4*y - 18. Let w(x) = x + 0 - n*x - c. Determine w(0).
-1
Let k(s) = -20*s**3 - 10*s**2 - 21*s - 14. Let l(x) = 7*x**3 + 3*x**2 + 7*x + 5. Let h(u) = 6*k(u) + 17*l(u). Calculate h(-8).
-7
Let x(i) = -i + 8. Let d be x(9). Let a(n) = -18*n**2 + n + 1. Give a(d).
-18
Suppose 7*m = 2*m + 5. Let v(l) = -4*l**3 - l**2 + 2*l - 1. What is v(m)?
-4
Let d(y) be the first derivative of -y**4/4 - y**3/3 - y**2/2 + 7*y - 2. Calculate d(0).
7
Let q(z) = -z - 4. Let y = -3 - -8. Let l = y - 1. Determine q(l).
-8
Suppose -3*o + 6*o = -15. Suppose -2*h = -0*h - 4. Let n(k) = -k**2 - 8*k + 4. Let a(d) = -d**2 - 9*d + 5. Let i(c) = h*a(c) - 3*n(c). What is i(o)?
-7
Let s(j) be the second derivative of -j**5/20 - j**4/4 - j**3/6 + 27*j. Let h = -4 - -3. Give s(h).
-1
Let i(y) = y**2 + 6*y + 9. Suppose -7*f - 42 = -0*f. Calculate i(f).
9
Let a(p) = -p**3 - 4*p**2 - p - 2. Let j be a(-4). Suppose 3*k + 6 = -3*y, 3*k = -j*y + y - 4. Let g(b) = -5*b. Determine g(y).
5
Let r(o) = -5*o**2. Suppose 12*p + 12*p + 24 = 0. Determine r(p).
-5
Let p(j) = j**2 + 2 + 1 + j**2. Let q(k) = -2*k**2 - 4. Let x(d) = 3*p(d) + 2*q(d). Let v = 2 + -1. Determine x(v).
3
Suppose 2*t - 6 = 2. Let p(n) = -n**2 + 3*n + 2. Give p(t).
-2
Let z(s) = 3*s**3 + 3*s**2 + 2*s - 2. Let o be (6/(-4))/(12/16). What is z(o)?
-18
Let q(v) = 2*v**2 - 2*v. Let s be q(2). Let m(z) = -4*z**2 - 3*z + 2. Let u(y) = -5*y**2 - 2*y + 3. Let f(o) = s*m(o) - 3*u(o). What is f(-5)?
4
Let d(i) = -5 + 2*i + 1 + 3. What is d(2)?
3
Let c(o) = 2*o + 7. Let h(x) = 2*x + 8. Let s(f) = 3*c(f) - 2*h(f). What is s(-6)?
-7
Let t(a) be the third derivative of a**4/12 + a**3/3 - 3*a**2. Calculate t(-5).
-8
Let o(j) be the third derivative